{"id":5781,"date":"2013-07-30T10:43:10","date_gmt":"2013-07-30T08:43:10","guid":{"rendered":"http:\/\/www.laterredufutur.com\/accueil\/?page_id=5781"},"modified":"2015-12-17T20:24:25","modified_gmt":"2015-12-17T19:24:25","slug":"modeles-gfs-france","status":"publish","type":"page","link":"https:\/\/www.laterredufutur.com\/accueil\/modeles-gfs-france\/","title":{"rendered":"Mod\u00e8les GFS France"},"content":{"rendered":"<div class=\"1665f18d14f35dd9e7566e1a8ac9a3e9\" data-index=\"1\" style=\"float: none; margin:10px 0 10px 0; text-align:center;\">\n<script async src=\"https:\/\/pagead2.googlesyndication.com\/pagead\/js\/adsbygoogle.js\"><\/script>\r\n<ins class=\"adsbygoogle\"\r\n     style=\"display:block; text-align:center;\"\r\n     data-ad-layout=\"in-article\"\r\n     data-ad-format=\"fluid\"\r\n     data-ad-client=\"ca-pub-2860849627502538\"\r\n     data-ad-slot=\"3019501113\"><\/ins>\r\n<script>\r\n     (adsbygoogle = window.adsbygoogle || []).push({});\r\n<\/script>\n<\/div>\n<p><iframe loading=\"lazy\" src=\"http:\/\/www.laterredufutur.com\/modeles\/modele-prevision-Modele+GFS+pour+la+France-1.html\" width=\"1000\" height=\"1000\" scrolling=\"no\"> <\/iframe><br \/>\n<!-- Go to www.addthis.com\/dashboard to customize your tools --><br \/>\n<script type=\"text\/javascript\" src=\"\/\/s7.addthis.com\/js\/300\/addthis_widget.js#pubid=ra-54b2dbe952263bc7\" async=\"async\"><\/script><\/p><div class=\"1665f18d14f35dd9e7566e1a8ac9a3e9\" data-index=\"2\" style=\"float: none; margin:10px 0 10px 0; text-align:center;\">\n<script async src=\"https:\/\/pagead2.googlesyndication.com\/pagead\/js\/adsbygoogle.js\"><\/script>\r\n<ins class=\"adsbygoogle\"\r\n     style=\"display:block; text-align:center;\"\r\n     data-ad-layout=\"in-article\"\r\n     data-ad-format=\"fluid\"\r\n     data-ad-client=\"ca-pub-2860849627502538\"\r\n     data-ad-slot=\"3019501113\"><\/ins>\r\n<script>\r\n     (adsbygoogle = window.adsbygoogle || []).push({});\r\n<\/script>\n<\/div>\n\n<p class=\"bawpvc-ajax-counter\" data-id=\"5781\">(286)<\/p>\n<!--CusAds0-->\n<div style=\"font-size: 0px; height: 0px; line-height: 0px; margin: 0; padding: 0; clear: both;\"><\/div>","protected":false},"excerpt":{"rendered":"<p>(286)<\/p>\n","protected":false},"author":1,"featured_media":0,"parent":0,"menu_order":0,"comment_status":"open","ping_status":"open","template":"page-full.php","meta":{"_exactmetrics_skip_tracking":false,"_exactmetrics_sitenote_active":false,"_exactmetrics_sitenote_note":"","_exactmetrics_sitenote_category":0,"ngg_post_thumbnail":0,"jetpack_post_was_ever_published":false,"footnotes":""},"class_list":["post-5781","page","type-page","status-publish","hentry"],"jetpack_shortlink":"https:\/\/wp.me\/P631RN-1vf","jetpack-related-posts":[{"id":5785,"url":"https:\/\/www.laterredufutur.com\/accueil\/modeles-gfs-europe\/","url_meta":{"origin":5781,"position":0},"title":"Mod\u00e8les GFS Europe","author":"Admin","date":"30 juillet 2013","format":false,"excerpt":"","rel":"","context":"Article similaire","block_context":{"text":"Article similaire","link":""},"img":{"alt_text":"","src":"","width":0,"height":0},"classes":[]},{"id":17540,"url":"https:\/\/www.laterredufutur.com\/accueil\/modeles-meteo\/","url_meta":{"origin":5781,"position":1},"title":"Mod\u00e8les m\u00e9t\u00e9o","author":"Admin","date":"4 janvier 2019","format":false,"excerpt":"","rel":"","context":"Article similaire","block_context":{"text":"Article similaire","link":""},"img":{"alt_text":"","src":"","width":0,"height":0},"classes":[]}],"jetpack_sharing_enabled":true,"_links":{"self":[{"href":"https:\/\/www.laterredufutur.com\/accueil\/wp-json\/wp\/v2\/pages\/5781","targetHints":{"allow":["GET"]}}],"collection":[{"href":"https:\/\/www.laterredufutur.com\/accueil\/wp-json\/wp\/v2\/pages"}],"about":[{"href":"https:\/\/www.laterredufutur.com\/accueil\/wp-json\/wp\/v2\/types\/page"}],"author":[{"embeddable":true,"href":"https:\/\/www.laterredufutur.com\/accueil\/wp-json\/wp\/v2\/users\/1"}],"replies":[{"embeddable":true,"href":"https:\/\/www.laterredufutur.com\/accueil\/wp-json\/wp\/v2\/comments?post=5781"}],"version-history":[{"count":12,"href":"https:\/\/www.laterredufutur.com\/accueil\/wp-json\/wp\/v2\/pages\/5781\/revisions"}],"predecessor-version":[{"id":10041,"href":"https:\/\/www.laterredufutur.com\/accueil\/wp-json\/wp\/v2\/pages\/5781\/revisions\/10041"}],"wp:attachment":[{"href":"https:\/\/www.laterredufutur.com\/accueil\/wp-json\/wp\/v2\/media?parent=5781"}],"curies":[{"name":"wp","href":"https:\/\/api.w.org\/{rel}","templated":true}]}}